(s) - o(s). What is a(p)?
10
Let a be -40 + 43 + (2 + -2 - 0). Let i(p) = p**3 - 3*p**2 - 3*p + 4. What is i(a)?
-5
Let o(v) = -2*v**3 - v**2 + 2. Suppose 5*t - 3*g = 2 + 1, -27 = -5*t - 3*g. Suppose 4*x + 2 = -3*h, 5 + t = -4*x. Give o(h).
-18
Suppose 5 = 2*w - 4*x - 13, -4*w + 30 = -5*x. Suppose -35 = -0*n - 3*n - w*i, n - i = 9. Let v = n - 4. Let y(a) = a - 7. What is y(v)?
-1
Let t(n) = -n**3 - n**2 + n + 17. Let j be (20/32*4)/(2/4). Let s(w) = -w**3 + w + 2. Let a be s(-2). Suppose -a*y = -j*y. Determine t(y).
17
Let p(z) = 4*z**3 + 2*z**2 - 2*z + 10. Let r(x) = 3*x**3 + 3*x**2 - 2*x + 11. Let c(s) = -4*p(s) + 5*r(s). Let q be c(7). Let o(b) = -12*b**2 + 1. What is o(q)?
-11
Let p(x) be the second derivative of x**3/3 - 3*x**2 + 250*x - 2. Calculate p(2).
-2
Let w(d) = -6*d**3 - d. Let f = -10 + 12. Suppose h + 12 = y + 3*y, f*y = -h + 6. Suppose 4*q - 2 - 2 = h. Give w(q).
-7
Suppose -2*t + 5 = -t, -4*x - 261 = -5*t. Let k = 58 + x. Let s(m) = -7*m**2 + 1. Calculate s(k).
-6
Suppose l = 3 - 9. Let h(i) = 27*i**2 - 92*i**2 - 9*i + 29*i**2 + 35*i**2 - 5. Determine h(l).
13
Suppose -f = 5*a - 5, -a + 5*f - 8 = 7*f. Let l be 0 + -1 + (2 - a). Let w(v) = -7*v**2 - 1. Calculate w(l).
-8
Let a(q) = 3*q**2 - 3810 - 2*q**2 + q + 3813. What is a(-6)?
33
Let a(b) be the second derivative of 5/6*b**3 + 1/120*b**5 + 0*b**2 + 0 + 1/12*b**4 - b. Let q(f) be the second derivative of a(f). Determine q(-7).
-5
Let z(n) = 25*n + 149. Let d(j) = -8*j - 47. Let b(l) = 13*d(l) + 4*z(l). Give b(-6).
9
Let o(w) = w**3 + 7*w**2 + 8*w + 2. Let q = -566 - -560. Calculate o(q).
-10
Suppose 0 = -8*k + 4*k - 2*q - 14, -2*q + 2 = 0. Let z(x) = x**3 + 4*x**2 + 2*x - 1. Calculate z(k).
-9
Suppose 5*i - 2*s = 33, 0*s + 8 = 4*i + 3*s. Let c(x) = -3 + 3*x**2 + 2*x**2 - 3*x**2 + i*x - 4*x**2. Calculate c(4).
-15
Let z(x) = 6*x**3 - 3*x - 4. Let p be z(-1). Let d(m) = -m**3 - 7*m**2 - 2*m - 11. What is d(p)?
3
Let c(v) = 4. Let y(m) = -14*m + 18. Let n(u) = -5*c(u) + y(u). Determine n(2).
-30
Let n(o) = -17*o**3 + 18*o**3 - 21 + 16 + 5*o**2 - 7*o. Calculate n(-6).
1
Let d(j) = -j**2 + 2*j + 1. Let v(f) = f**3 - 8*f**2 + 15*f - 18. Let p(c) = d(c) + v(c). Give p(7).
4
Let m(r) = 5*r - 53. Let a(y) be the third derivative of y**4/8 - 9*y**3/2 + 10*y**2. Let p(u) = 7*a(u) - 4*m(u). Calculate p(0).
23
Let t(o) = -4 + 8 - 5 - 3 - 9*o + o**2. Calculate t(10).
6
Let y(r) = -180*r**3 + 3*r + 336*r**3 - r**2 - 157*r**3 - 5. Determine y(0).
-5
Let k = 111 + -102. Let a(g) = -g**3 + 9*g**2 - 4*g + 6. Calculate a(k).
-30
Let t = -1031 + 1029. Let z(m) = m**3 + m**2 - 5*m - 7. What is z(t)?
-1
Let l(v) = 2*v - 12. Let a(c) = -2*c + 23. Let g be a(9). Calculate l(g).
-2
Let l(t) = -4*t - 2*t + 7*t**2 - t**3 + 3 + 2*t - 3*t. Determine l(6).
-3
Let m(x) = 3*x - 17. Let f be (-9)/(-19 - 8)*21. What is m(f)?
4
Let b(i) = -i + 2. Let o be b(-5). Let z(t) be the third derivative of t**4/12 - 3*t**3/2 - 3*t**2 - 6*t. Determine z(o).
5
Let r(x) = 2*x**3 + 12*x**2 + x + 9. Let t be r(-6). Let b(w) be the first derivative of -w**4/4 + 2*w**3/3 - w**2/2 + 4*w + 3. Give b(t).
-8
Suppose -5*h = h + h. Suppose -4*w + 8 = 0, -z + 3*w - 12 = -h*z. Let s(t) = t**3 + 7*t**2 + 2*t - 3. Give s(z).
21
Let t(y) = -8*y**2 + 58*y - 13. Let j be t(7). Let n(m) = -20*m + 10. Let o(k) = -7*k + 3. Let w(p) = 3*n(p) - 10*o(p). Calculate w(j).
10
Suppose 4*n + 2*n - 84 = 0. Let w(v) = v**2 + n*v + 3 + 14*v + 17*v - 46*v + v**3. Give w(0).
3
Let a(h) = 0*h**3 + 4*h**3 + 3*h**2 - 3*h**3 - 3 + 2*h**2 - 5*h + 8*h. What is a(-4)?
1
Let x(s) be the first derivative of s**4/4 - 13*s**3/3 + 11*s**2/2 + 3*s - 178. Calculate x(12).
-9
Let y(d) = -d**3 + 3*d**2 + 2*d - 2. Let a(o) = o**2 + 5*o + 5. Let x be a(-4). Let b be (0 - -2) + -2 - 2. Let r be b + x/(-2)*-12. Determine y(r).
-10
Let a(k) = k**2 + 1. Let f(j) = 5*j**2 + 5*j + 10. Let h be ((-16)/6 - -3)/(1/(-3)). Let u(c) = h*f(c) + 4*a(c). Determine u(-5).
-6
Let l(g) = g**3 - 3*g**2 - 2. Let i = -140 - -142. What is l(i)?
-6
Let g(i) = 2*i**2 - 7*i - 6. Suppose 0 = -3*b - 3, -3 = -5*s + 3*b + 30. Determine g(s).
24
Suppose 15 + 9 = 62*j - 86*j. Let w(l) = 4*l + 5. Let c(o) = -o - 1. Let k(y) = 6*c(y) + w(y). Determine k(j).
1
Let d(p) = -19*p + 11. Let g(c) = 27*c - 11. Let t(k) = -3*d(k) - 2*g(k). Calculate t(6).
7
Let m(r) = 41*r**3 - 13*r**2 + 2*r + 2. Let q(k) = 20*k**3 - 6*k**2 + k + 1. Let v(h) = -6*m(h) + 13*q(h). Determine v(-1).
-14
Let v(h) be the second derivative of -h**5/20 + h**4/12 + 3*h**2/2 - 226*h. Give v(0).
3
Let v(o) = o + 6. Let i = -6 + 1. Let y be v(i). Let h(l) = 18 + 15*l + 12*l - 28*l - 4 - 12. What is h(y)?
1
Let r(j) be the second derivative of -j**6/360 - j**5/20 - 7*j**4/12 - j. Let c(x) be the third derivative of r(x). What is c(-7)?
8
Let s be (-12)/9*(-3)/2. Let r(n) = -7 - s*n - 6 + 10 - 9. Suppose 4*h = -0*m + m - 29, 5*h + 43 = -m. What is r(h)?
4
Let h(a) = a**2 - 9*a + 9. Let r be (-3)/(9/6) + 12. Let j = 138 - 122. Let d = j - r. What is h(d)?
-9
Let r(y) be the second derivative of y**6/720 - y**4 + 2*y. Let f(c) be the third derivative of r(c). Give f(-2).
-2
Let c(j) = j**3 + 7*j**2 + 7*j + 11. Suppose -i + 44*h - 10 = 46*h, 4*i + 16 = 4*h. Calculate c(i).
5
Let p(x) be the first derivative of -10 - 8/3*x**3 - 3*x**2 + x - 1/4*x**4. What is p(-7)?
-6
Let m(c) = -35*c - 7. Let g(u) = 29*u + 6. Let l(j) = -6*g(j) - 5*m(j). Suppose -t - 3 = 3. Give l(t).
-7
Let g be 42/12*(-1 - 1). Let v be -11 - g - (2 - 1). Let r(y) = -y**3 - 6*y**2 - 3*y + 1. What is r(v)?
-9
Let f(t) = -t**3 - 6*t**2 - 2*t - 8. Let s(q) = q + 1. Let l(p) = p**3 - 6*p**2 - 8. Let c(z) = -l(z) - 2*s(z). Let r be c(6). Calculate f(r).
4
Let f(d) = 20*d**2 - 2*d**3 + 9*d - 4*d - d - 18*d**2. What is f(3)?
-24
Let r = -7 - -8. Let a(b) = 7*b + 57. Let n(u) = 10*u + 91. Let w(f) = 8*a(f) - 5*n(f). Calculate w(r).
7
Let g(n) be the second derivative of n**3/2 + n**2/2 - 3*n. Suppose -19*t - 5 = -43. Give g(t).
7
Suppose -14 = -2*g - 2*d, 4*d - 8 = -g + 14. Suppose -16 = 4*z - 2*y, 20 = -3*z + z - g*y. Let k(c) = -c**3 - 5*c**2 + 7*c + 8. What is k(z)?
2
Suppose -a + 64 = -u, -5*a - 140 = 2*u - 12. Let g = -56 - u. Let j(o) = o**2 - 9*o + 6. What is j(g)?
-2
Let h(o) = 7*o**2 - 6*o - 1. Let x(c) = -11*c**2 + 6*c. Let l(d) = -6*h(d) - 4*x(d). Give l(-5).
-4
Let v(u) be the second derivative of -u**3/6 + 35*u**2/2 - u - 50. What is v(0)?
35
Let b(f) = f**2 - f + 14. Let y(u) be the third derivative of -5*u**4/24 - 20*u**3/3 + 22*u**2. Let o be y(-8). Calculate b(o).
14
Let j(x) = -9 + 24*x - 7 - 25*x. Determine j(-12).
-4
Let z(m) = -2*m - 5. Let h(d) = 7*d - 7. Let y be h(5). Let o = 32 - y. Calculate z(o).
-13
Suppose 105*x = 104*x - 13. Suppose -l + 22 = l. Let i = x + l. Let y(o) = o**3 + 3*o**2 + o + 2. Give y(i).
4
Let s(l) = l**3 + 6*l**2 + 2*l + 2. Let y(z) = -z**3 - 25*z**2 - 24*z - 6. Suppose 72 = -3*t - 0. Let b be y(t). What is s(b)?
-10
Suppose 0 = 16*k - 57 - 7. Let g be (50/k)/5*40/(-25). Let n(a) = 2*a + 2. Calculate n(g).
-6
Let s(m) = 34*m**2 - m. Let z(j) = 2*j**3 - 29*j**2 + 14*j + 1. Let p be z(14). Calculate s(p).
33
Let y(d) be the third derivative of d**4/6 - 9*d**3/2 - 3*d**2. What is y(8)?
5
Let h(y) = y**3 - 5*y**2 - y. Suppose 5*t + 7 = -s + 27, 5 = -s. Let z(j) = -19 + 8*j + 0*j - t*j + 8*j - j**2. Let p be z(8). What is h(p)?
-5
Suppose -5*m + 105 - 25 = 0. Suppose 2*a = -2 - m. Let f(q) = q**2 + 10*q + 5. Determine f(a).
-4
Let p(f) = f**3 + 2*f**2 + 3*f. Let d(q) = q + 3. Let s be d(-5). Let b be p(s). Let j(n) = n**2 + 2*n - 7. Calculate j(b).
17
Let s(m) = -m**2 - 4*m - 1. Let g(i) be the first derivative of i**3 + 13*i**2/2 + 4*i - 13. Let t(y) = -2*g(y) - 7*s(y). Give t(-4).
7
Let h(n) = 514*n**2 + 1 - 251*n**2 - 270*n**2 + 6*n + n**3. What is h(6)?
1
Let g = -2 - 5. Let m(w) = 8 + 12*w + w**2 - 6*w - 17. What is m(g)?
-2
Let t = 134 + -271. Let k = 132 + t. Let c(m) = m**2 + 3*m + 3. Calculate c(k).
13
Let m be (-38)/57 + 11/3. Let y(z) = -42 + 39 + 0*z - 3*z**2 + 0*z - m*z. Determine y(-2).
-9
Let d(a) = -42*a**2 + 1. Let q be 6/9 - 4*6/(-72). Give d(q).
-41
Let s(n) be the first derivative of -3*n**2/2 - n + 5. Let k(f) = -4*f**2 + 2*f + 2. Let i be k(-1). Let x = i - -5. Determine s(x).
-4
Let o(s) = 5*s - 4*s + 1 - s**2 + 7